5414.
194
What is the greatest common divisor of 24 and 296328?
24
What is the greatest common divisor of 756 and 14084?
28
Calculate the greatest common divisor of 10356 and 312.
12
Calculate the highest common divisor of 765 and 710.
5
What is the highest common divisor of 268 and 484?
4
What is the highest common divisor of 4668 and 402?
6
What is the highest common divisor of 480 and 19632?
48
Calculate the greatest common factor of 126881 and 17525.
701
Calculate the greatest common divisor of 1261 and 15067.
13
Calculate the highest common factor of 272 and 38692.
68
What is the greatest common factor of 35 and 182224?
7
Calculate the highest common divisor of 877600 and 400.
400
Calculate the greatest common factor of 33677 and 357.
119
Calculate the highest common factor of 12939 and 625839.
681
Calculate the highest common factor of 799 and 1175.
47
Calculate the highest common divisor of 295944 and 57.
57
Calculate the highest common factor of 105096 and 11484.
348
Calculate the greatest common factor of 5175 and 26289.
207
What is the greatest common divisor of 350 and 276325?
175
What is the greatest common factor of 13143 and 59475?
39
What is the highest common divisor of 1317803 and 1233?
137
What is the highest common divisor of 1274 and 32?
2
Calculate the highest common factor of 6 and 8499.
3
Calculate the highest common factor of 200961 and 27.
27
What is the highest common divisor of 3 and 2727957?
3
What is the greatest common factor of 6565 and 10465?
65
Calculate the greatest common factor of 567 and 65429.
7
Calculate the greatest common divisor of 10758 and 66.
66
Calculate the greatest common factor of 430 and 1345298.
86
Calculate the highest common divisor of 5014 and 146060.
218
Calculate the highest common factor of 36456 and 10584.
1176
What is the greatest common divisor of 9000 and 3240?
360
What is the highest common divisor of 3230 and 799748?
646
What is the highest common divisor of 119780 and 424?
212
Calculate the highest common factor of 271824 and 12.
12
What is the greatest common divisor of 1998 and 9729?
9
What is the highest common factor of 51 and 122995?
17
What is the highest common divisor of 394 and 198576?
394
What is the highest common factor of 205048 and 1136?
568
What is the greatest common divisor of 353428 and 1788?
596
What is the greatest common factor of 4596 and 48?
12
What is the highest common divisor of 98750 and 15010?
790
Calculate the highest common divisor of 42 and 74838.
6
Calculate the highest common factor of 54 and 161280.
18
Calculate the highest common factor of 6298 and 335.
67
What is the greatest common factor of 45 and 19255?
5
Calculate the highest common factor of 22559 and 187.
17
What is the greatest common factor of 37522 and 146?
146
Calculate the greatest common factor of 6225 and 2241.
249
Calculate the greatest common divisor of 272 and 13092176.
272
What is the greatest common factor of 89192 and 8?
8
Calculate the highest common divisor of 120 and 461715.
15
Calculate the highest common factor of 199 and 188453.
199
What is the greatest common divisor of 4305738 and 761?
761
What is the highest common factor of 21932 and 8?
4
Calculate the highest common factor of 3294 and 222.
6
Calculate the highest common factor of 1455 and 10.
5
What is the greatest common factor of 12 and 719448?
12
What is the highest common divisor of 518 and 979168?
74
What is the highest common divisor of 5166 and 630?
126
Calculate the greatest common factor of 1450 and 497350.
1450
Calculate the greatest common divisor of 1425 and 9675.
75
Calculate the greatest common factor of 14448 and 1161.
129
Calculate the highest common factor of 307520 and 4495.
155
Calculate the highest common factor of 831 and 657875.
277
Calculate the highest common divisor of 1656 and 31188.
276
Calculate the highest common divisor of 28016 and 85.
17
Calculate the greatest common factor of 14080 and 1144.
88
Calculate the greatest common divisor of 3337 and 142927.
47
What is the greatest common divisor of 2025 and 489?
3
What is the highest common divisor of 1144 and 23166?
286
What is the greatest common factor of 2363 and 72419?
139
What is the highest common divisor of 8652 and 31003?
721
Calculate the greatest common factor of 11537 and 1494.
83
What is the greatest common factor of 6723 and 166?
83
What is the greatest common factor of 22050 and 164850?
1050
Calculate the greatest common factor of 5100 and 84.
12
What is the highest common factor of 870540 and 550?
110
What is the greatest common divisor of 123315 and 15?
15
What is the greatest common factor of 28 and 210420?
28
Calculate the greatest common divisor of 28 and 15316.
28
What is the highest common factor of 5131 and 140?
7
Calculate the highest common divisor of 42 and 11690.
14
What is the greatest common factor of 388 and 970291?
97
What is the greatest common factor of 1332 and 3888?
36
Calculate the greatest common factor of 5104 and 1072.
16
What is the highest common divisor of 63 and 44653?
7
Calculate the highest common factor of 15 and 744405.
15
Calculate the highest common factor of 607932 and 1872.
468
What is the highest common factor of 18210993 and 1077?
1077
Calculate the greatest common divisor of 817 and 32737.
19
Calculate the greatest common divisor of 815 and 10432.
163
Calculate the greatest common factor of 3012225 and 195.
15
What is the highest common divisor of 744 and 5784?
24
Calculate the greatest common factor of 4222 and 4.
2
What is the highest common divisor of 454 and 199079?
227
Calculate the highest common factor of 11224 and 10492.
244
What is the greatest common factor of 58900 and 2480?
620
What is the highest common divisor of 40460 and 10?
10
What is the greatest common divisor of 36 and 11412?
36
Calculate the greatest common factor of 1528 and 484.
4
What is the highest common divisor of 1152 and 109377?
9
Calculate the highest common factor of 224499 and 737.
11
What is the greatest common factor of 644 and 8671?
23
What is the highest common divisor of 3073 and 28096?
439
What is the highest common divisor of 10060 and 3380?
20
What is the highest common factor of 5760 and 6588?
36
Calculate the greatest common factor of 885 and 81951.
177
Calculate the highest common factor of 1395252 and 324.
108
What is the highest common divisor of 913 and 2761?
11
Calculate the highest common divisor of 35 and 24983.
7
Calculate the greatest common factor of 3140892 and 344.
172
Calculate the highest common divisor of 1281 and 672.
21
Calculate the highest common divisor of 4293 and 490833.
1431
Calculate the highest common factor of 12224 and 481511.
191
What is the highest common factor of 21016 and 102712?
296
Calculate the highest common factor of 66517 and 11.
11
What is the greatest common divisor of 54 and 9342?
54
What is the highest common divisor of 1690 and 358020?
130
What is the highest common factor of 5512 and 676?
52
Calculate the greatest common divisor of 1695 and 8136.
339
Calculate the highest common factor of 15 and 636105.
15
Calculate the highest common divisor of 34893 and 99.
9
What is the highest common divisor of 149990 and 4876?
106
What is the greatest common factor of 1290 and 1244592?
258
Calculate the highest common factor of 109114 and 178.
178
What is the greatest common factor of 14689 and 12307?
397
Calculate the greatest common divisor of 125732 and 9656.
68
What is the greatest common divisor of 14550 and 1625?
25
What is the greatest common divisor of 684 and 421116?
228
Calculate the greatest common factor of 22140 and 8487.
369
What is the greatest common divisor of 445572 and 1?
1
Calculate the highest common factor of 1488 and 33666.
186
What is the greatest common factor of 1443430 and 3210?
1070
What is the highest common divisor of 198033 and 4862?
187
Calculate the highest common divisor of 59532 and 2541.
363
What is the highest common divisor of 273 and 864591?
273
What is the highest common factor of 1017 and 5079915?
1017
What is the highest common divisor of 7765 and 125?
5
What is the highest common factor of 330 and 23334?
6
Calculate the highest common divisor of 597746 and 1316.
94
What is the greatest common divisor of 57 and 19741?